29, 12073
What are the prime factors of 6608639?
6608639
What are the prime factors of 10946933?
2141, 5113
List the prime factors of 66485.
5, 13297
List the prime factors of 16097137.
7, 328513
List the prime factors of 1735912.
2, 97, 2237
What are the prime factors of 18692675?
5, 19, 23, 29, 59
What are the prime factors of 677230?
2, 5, 67723
List the prime factors of 29404271.
13, 17, 133051
What are the prime factors of 9013282?
2, 1423, 3167
List the prime factors of 282887.
11, 25717
List the prime factors of 3912379.
3912379
What are the prime factors of 57664?
2, 17, 53
What are the prime factors of 174827?
79, 2213
List the prime factors of 7359338.
2, 7, 31, 547
What are the prime factors of 90164?
2, 22541
List the prime factors of 1101844.
2, 275461
List the prime factors of 9600688.
2, 600043
What are the prime factors of 7662886?
2, 7, 11, 17, 2927
List the prime factors of 134018.
2, 113, 593
What are the prime factors of 3215878?
2, 31, 51869
What are the prime factors of 6024643?
23, 163, 1607
List the prime factors of 3050103.
3, 7, 20749
List the prime factors of 3269697.
3, 139, 7841
What are the prime factors of 208200?
2, 3, 5, 347
What are the prime factors of 510157?
510157
List the prime factors of 332023.
61, 5443
List the prime factors of 394401.
3, 7, 2683
List the prime factors of 2767963.
11, 29, 8677
What are the prime factors of 8093952?
2, 3, 1171
What are the prime factors of 620986?
2, 41, 7573
What are the prime factors of 278554?
2, 41, 43, 79
What are the prime factors of 940485?
3, 5, 7, 13, 53
What are the prime factors of 18454285?
5, 3690857
List the prime factors of 1197268.
2, 299317
What are the prime factors of 11399?
11399
What are the prime factors of 16143803?
13, 37, 33563
What are the prime factors of 7454318?
2, 3727159
List the prime factors of 5878244.
2, 1469561
List the prime factors of 1572752.
2, 98297
What are the prime factors of 328842?
2, 3, 18269
List the prime factors of 3367796.
2, 719, 1171
List the prime factors of 601586.
2, 31, 313
What are the prime factors of 17327812?
2, 4331953
List the prime factors of 1187097.
3, 269, 1471
List the prime factors of 2035670.
2, 5, 7, 13, 2237
List the prime factors of 491885.
5, 98377
What are the prime factors of 6704214?
2, 3, 11, 157, 647
What are the prime factors of 197853?
3, 65951
List the prime factors of 1669846.
2, 23, 31, 1171
List the prime factors of 18217781.
1481, 12301
What are the prime factors of 52053?
3, 17351
What are the prime factors of 763666?
2, 41, 67, 139
What are the prime factors of 23679206?
2, 19, 139, 4483
What are the prime factors of 18637754?
2, 137, 251, 271
What are the prime factors of 308904?
2, 3, 61, 211
What are the prime factors of 546862?
2, 127, 2153
What are the prime factors of 3631591?
17, 213623
List the prime factors of 4490587.
4490587
List the prime factors of 231556.
2, 13, 61, 73
What are the prime factors of 129402?
2, 3, 7, 13, 79
What are the prime factors of 120023?
19, 6317
What are the prime factors of 4214971?
4214971
List the prime factors of 13280.
2, 5, 83
List the prime factors of 1047716.
2, 103, 2543
List the prime factors of 1088107.
23, 47309
List the prime factors of 4214091.
3, 7, 200671
What are the prime factors of 978660?
2, 3, 5, 5437
List the prime factors of 611267.
211, 2897
List the prime factors of 15313444.
2, 3828361
List the prime factors of 6776136.
2, 3, 10457
List the prime factors of 2217061.
7, 11, 28793
What are the prime factors of 129518?
2, 31, 2089
What are the prime factors of 18888672?
2, 3, 11, 31, 577
What are the prime factors of 241819?
79, 3061
List the prime factors of 4189185.
3, 5, 7, 11, 13, 31
List the prime factors of 308632.
2, 173, 223
What are the prime factors of 458469?
3, 11, 421
What are the prime factors of 3286407?
3, 641, 1709
List the prime factors of 2120377.
7, 109, 397
What are the prime factors of 1896202?
2, 7, 11, 1759
List the prime factors of 205359.
3, 7, 11, 127
What are the prime factors of 175833?
3, 7, 2791
List the prime factors of 629970.
2, 3, 5, 11, 23, 83
List the prime factors of 1660122.
2, 3, 71, 433
What are the prime factors of 1185932?
2, 11, 26953
What are the prime factors of 62346?
2, 3, 10391
What are the prime factors of 899212?
2, 41, 5483
What are the prime factors of 695271?
3, 47, 4931
List the prime factors of 163492.
2, 7, 5839
List the prime factors of 760064.
2, 2969
List the prime factors of 6319369.
7, 902767
What are the prime factors of 2738551?
157, 17443
What are the prime factors of 8272858?
2, 11, 376039
List the prime factors of 585121.
293, 1997
List the prime factors of 65057.
67, 971
What are the prime factors of 178140?
2, 3, 5, 2969
What are the prime factors of 443486?
2, 23, 31, 311
What are the prime factors of 6369?
3, 11, 193
What are the prime factors of 5859982?
2, 2929991
What are the prime factors of 29482472?
2, 3685309
What are the prime factors of 116960?
2, 5, 17, 43
What are the prime factors of 60078?
2, 3, 17, 19, 31
What are the prime factors of 136621?
136621
What are the prime factors of 8289607?
8289607
What are the prime factors of 71445?
3, 5, 11, 433
List the prime factors of 200522.
2, 7, 14323
What are the prime factors of 20446776?
2, 3, 7, 13523
What are the prime factors of 371089?
19, 19531
What are the prime factors of 3974?
2, 1987
What are the prime factors of 1627799?
29, 56131
What are the prime factors of 585466?
2, 7, 19, 31, 71
What are the prime factors of 12538159?
12538159
List the prime factors of 233846.
2, 116923
What are the prime factors of 6367554?
2, 3, 17, 20809
What are the prime factors of 5182723?
7, 13, 337
What are the prime factors of 1353270?
2, 3, 5, 79, 571
List the prime factors of 8980871.
157, 57203
List the prime factors of 928535.
5, 185707
List the prime factors of 646332.
2, 3, 53861
List the prime factors of 1783273.
1783273
List the prime factors of 21314403.
3, 11, 215297
List the prime factors of 541128.
2, 3, 7, 3221
What are the prime factors of 11776?
2, 23
List the prime factors of 13009530.
2, 3, 5, 433651
List the prime factors of 230978.
2, 11, 10499
What are the prime factors of 342277?
13, 113, 233
What are the prime factors of 5119753?
79, 229, 283
List the prime factors of 5225112.
2, 3, 31, 2341
List the prime factors of 34919000.
2, 5, 34919
List the prime factors of 2220108.
2, 3, 11, 139
List the prime factors of 2134542.
2, 3, 41, 8677
What are the prime factors of 35243?
13, 2711
What are the prime factors of 373334?
2, 13, 83, 173
What are the prime factors of 603251?
11, 173, 317
What are the prime factors of 45510?
2, 3, 5, 37, 41
What are the prime factors of 392320?
2, 5, 613
What are the prime factors of 1380046?
2, 19, 23, 1579
List the prime factors of 7649241.
3, 181, 14087
What are the prime factors of 626273?
157, 3989
List the prime factors of 260317.
260317
What are the prime factors of 1780967?
1780967
List the prime factors of 233316.
2, 3, 6481
What are the prime factors of 125409?
3, 17, 2459
What are the prime factors of 6237490?
2, 5, 7, 89107
What are the prime factors of 9228150?
2, 3, 5, 20507
List the prime factors of 1528445.
5, 29, 83, 127
What are the prime factors of 164964?
2, 3, 59, 233
What are the prime factors of 1558595?
5, 23, 13553
List the prime factors of 1696455.
3, 5, 37699
List the prime factors of 57902.
2, 13, 17, 131
List the prime factors of 710531.
710531
List the prime factors of 450654.
2, 3, 75109
List the prime factors of 1293595.
5, 293, 883
List the prime factors of 38028.
2, 3, 3169
What are the prime factors of 10737?
3, 1193
List the prime factors of 639392.
2, 13, 29, 53
List the prime factors of 11366364.
2, 3, 947197
What are the prime factors of 278879?
278879
List the prime factors of 8060450.
2, 5, 37, 4357
List the prime factors of 76426.
2, 7, 53, 103
List the prime factors of 4132295.
5, 23, 35933
What are the prime factors of 10832524?
2, 317, 8543
What are the prime factors of 10549295?
5, 23, 91733
What are the prime factors of 2922538?
2, 17, 43, 1999
List the prime factors of 456063.
3, 281, 541
What are the prime factors of 33288?
2, 3, 19, 73
List the prime factors of 58510.
2, 5, 5851
List the prime factors of 